 + 3*h - 7 - 14 = 0. Suppose a*y + 9 = -3. Let r = y + 6. List the prime factors of r.
2
Suppose -1 = -3*x + 2. List the prime factors of 4/(4/x) + 21.
2, 11
Suppose -4*o + 597 = 77. Suppose z - o = -4*z. What are the prime factors of z?
2, 13
Let s = -1 - -3. Suppose z - 6 = -s. List the prime factors of ((-6)/z)/(6/(-24)).
2, 3
Suppose 5*m - 104 = 61. List the prime factors of m.
3, 11
Let b be (-3)/((-40)/(-38) - 1). Let p = b + 85. Let l = -16 + p. List the prime factors of l.
2, 3
Suppose 5*d - 4*f = -5*f - 9, -4*f - 20 = 4*d. Suppose 17 = -3*o + o + 3*t, -5*t = -o + 2. Let h = d - o. What are the prime factors of h?
2, 3
Let k be -3 + 1 + (0 - -1). Let p(u) = 16*u**2 + 2*u + 1. List the prime factors of p(k).
3, 5
Let o(d) = 0 - 3*d + 4*d - 1 + 36*d**2. What are the prime factors of o(1)?
2, 3
Let d = -16 + 18. Suppose d*z + f = 2*f + 24, -3*z - 2*f = -29. List the prime factors of z.
11
Suppose 0 = p + 3*u + 1 + 6, -3*u - 19 = -5*p. Suppose -4*w + o + 72 = 0, p*w + o - 54 = -3*o. List the prime factors of w.
19
Let f be (-1)/(14/(-6) + 2). Let p(x) = -2*x**2 + 4*x**2 - x**2. What are the prime factors of p(f)?
3
Let b = -58 - -111. List the prime factors of b.
53
Suppose 5*d = 16 - 1. Let r(x) = 6*x - 4. List the prime factors of r(d).
2, 7
Let b(n) = -n**2 - 24*n - 22. What are the prime factors of b(-17)?
97
Let g(c) = 2*c - 6*c + c - 6. Suppose 0 = 5*a - 11 - 9, o - 8 = -3*a. What are the prime factors of g(o)?
2, 3
Let h be (0 - (-3)/(-9))*-45. Suppose b = 2*o - 8, -5*o - 3 = -4*o - 4*b. Suppose -o*u + h + 60 = 0. List the prime factors of u.
3, 5
Let m = -8 - -90. List the prime factors of m.
2, 41
Let c(w) = w**2 + 7*w + 2. Let g be c(-4). Let q = -6 - g. What are the prime factors of q?
2
Let l(y) = -y + 6 + y + y. Let m be l(-8). What are the prime factors of m*(-1)/(-2) + 13?
2, 3
Let y be (1/1)/((-2)/2). Let p be ((-111)/3)/y + -2. What are the prime factors of (-2)/(-8) - p/(-4)?
3
Suppose 15 = 3*v, 0 = 4*u + v + 2*v + 25. List the prime factors of (12/u)/((-4)/10).
3
Let r(w) = w**2 - 3*w + 1. Let x be r(3). Let n(p) = p**2 + p - 4. Let b(f) = 1. Let u(z) = x*n(z) + 4*b(z). List the prime factors of u(-4).
2, 3
Let p(f) = -2*f**3 - 6*f**2 + 4*f - 7. What are the prime factors of p(-6)?
5, 37
Let j be 3*(-4)/(-6) - 2. Suppose 9*q - 4*q - 90 = j. Suppose q = 3*y - 15. List the prime factors of y.
11
Let k(u) = -u**2 - 4*u. Let r be k(-4). Suppose -n + 2*n - 5 = r. Let v(b) = -b**2 + 7*b + 1. List the prime factors of v(n).
11
Let k = 2 + -18. Let r be 4/20 - 56/5. Let b = r - k. What are the prime factors of b?
5
Suppose 0 = p + 4*p - 15. Suppose -2*h = -1 + p. List the prime factors of h/((-1)/14*2).
7
Suppose 0 = -4*f + 3*f - 3. Let h(j) = 3*j - 7. Let b be h(4). List the prime factors of (b/4)/(f/(-12)).
5
Let d(h) = 4*h**2 - 6*h - 4*h**2 - 6 - 5*h**2 - h**3. List the prime factors of d(-4).
2
Let r = 4 + 0. Suppose -u = -r*x + 43, -3*x + 23 = 2*u - 12. List the prime factors of x.
11
Suppose 0*t = -t + 80. Suppose 5*z - t = z. What are the prime factors of z?
2, 5
Suppose -d = 3*f, 4*f - d = 5*f. Suppose a - 4*a + 84 = f. List the prime factors of a.
2, 7
Suppose -z - 15 = 5*d, -4*d + 4*z = -3*d + 3. Suppose -4*o = 2 + 6. List the prime factors of d/o*(-20)/(-6).
5
Let m be 3/(-6) + 3/6. Suppose m = -d - 2*d + 15. Let o = 8 - d. List the prime factors of o.
3
List the prime factors of -1 - -3 - (-34 + 5).
31
Let v = -76 + 175. List the prime factors of v.
3, 11
Let i(z) = -4*z - 2 + 5*z + 7. Let u be (2 + (0 - 8))*-1. What are the prime factors of i(u)?
11
Suppose 2*d + 3 = 23. Suppose r - 2*j = 9, -r - 5*j - 5 = -0. Suppose -2*m - 3*m = 2*f, 0 = f + r*m + d. What are the prime factors of f?
2, 5
Let v = -29 - -43. Suppose -z + v = -2*z. Let w = 23 + z. List the prime factors of w.
3
Suppose 2*z - 39 = -m, -3*z + 5*m + 47 - 8 = 0. Suppose 0 = -4*r + 8, -h - 3*r + z = r. List the prime factors of h.
2, 5
Suppose -a = -4*a + 294. What are the prime factors of a?
2, 7
Let j(n) = n**2 - 8*n + 4. Let o be j(8). Let u be 22/o + 1/2. Suppose -u*t = -3*t - 33. List the prime factors of t.
11
Let n = 16 - 4. Let u(a) = 2 + n*a - 2*a - 3. List the prime factors of u(1).
3
Suppose -3*a = 6, -h - 5*a + 3 = 5. Suppose -2*n = -h - 2. Let u = n + 6. What are the prime factors of u?
11
Suppose -q - 376 = 3*q. What are the prime factors of q/(-3) - 5/15?
31
Suppose 5*z + 102 = 372. What are the prime factors of z?
2, 3
Let q = 1 - -26. List the prime factors of q.
3
Let m(c) be the first derivative of 2*c**2 - 3*c + 1. Let x be m(2). Suppose 0*u = x*u + 3*n - 54, 4*n - 48 = -4*u. What are the prime factors of u?
3
Suppose 2*h = -9*h + 330. What are the prime factors of h?
2, 3, 5
Let z(w) = -2*w**2 - 15*w + 4. Let v be z(-8). What are the prime factors of ((-96)/(-4) + v)*1?
2, 5
Let o = -43 + 51. Let g = 51 - 32. Let l = g - o. List the prime factors of l.
11
Let k = -96 - -169. What are the prime factors of k?
73
Let s(r) = 2*r**3 - 11*r**2 - 21*r - 6. Let y(m) = -m**2 + 6*m**2 + 0*m**3 - m**3 + 3 + 10*m. Let j(h) = 6*s(h) + 13*y(h). List the prime factors of j(-3).
3
Let c(n) be the third derivative of -n**4/12 + 2*n**3 - n**2. List the prime factors of c(-6).
2, 3
Suppose -5*t = -29 - 336. What are the prime factors of t?
73
Suppose -3*a = -4*h - 4*a + 145, -a - 100 = -3*h. Suppose -t + 21 = -h. List the prime factors of t.
2, 7
Suppose q + o - 247 = -2*q, 0 = 3*o + 6. List the prime factors of q.
83
Let u = -17 - -106. What are the prime factors of u?
89
Suppose 0 = -t + 5*r - 6*r - 4, r + 4 = 5*t. Suppose -4*x = -t*x - 16, 18 = s + x. List the prime factors of s.
2, 7
Let a(v) = -20*v**3 + v**2 + v. Suppose -3 = 3*x - 0. List the prime factors of a(x).
2, 5
Suppose p + 2*q + 10 = 0, 5*p + q + 0 + 5 = 0. Suppose 4*u - 40 = -4*j, 10 = 5*u - p*u - 5*j. List the prime factors of 64/u - (-4)/12.
11
Suppose 0 = -3*w + 2*w + 52. List the prime factors of w.
2, 13
Suppose 16 = u + 2*r + 3, -u + 3*r - 12 = 0. Let h = u + 25. List the prime factors of h.
2, 7
Let o be (-4)/(-6) - (-44)/(-12). Suppose 4*q + 17 = -31. List the prime factors of (-8)/q + (-31)/o.
11
Suppose -3*z + 2 = -4. Suppose -c = -2*v - 20, -5*c - z*v = -66 + 2. What are the prime factors of c?
2, 7
Suppose 4*r + 17 = 2*y - 17, -4*r = -3*y + 51. What are the prime factors of y?
17
Let s = 113 - 44. What are the prime factors of s?
3, 23
Let p(z) = 5*z**2 - z - 3. What are the prime factors of p(2)?
3, 5
Suppose 0 = 16*z - 15*z - 77. List the prime factors of z.
7, 11
What are the prime factors of 4/28*-2 - (-130)/14?
3
Suppose 3*h = 2*c - 20, -3*h - 4 = 3*c - c. Suppose -9 = -c*o + 11. Suppose -2*w - 64 = -o*b - 5*w, -b + 23 = 4*w. List the prime factors of b.
11
Suppose -6*k + 3*k = -4*f - 51, 5*k = 3*f + 52. Let u(a) = a**2 + 7*a - 8. What are the prime factors of u(f)?
2, 5
Suppose -y + 45 = -6*y. Let z = 13 - y. List the prime factors of z.
2, 11
Let c = -3 + 2. Let o be 1 - (10/c)/(-2). Let d = o - -7. What are the prime factors of d?
3
Let k(y) = 3*y**3 - 2*y**2 + 2*y - 1. Let m be k(1). Suppose -3*v - 15 = -3*j - 6*v, -3*v + 6 = m*j. List the prime factors of j.
3
Suppose k = -1 + 3. Suppose 0*b - k*b = 0. Suppose 4*p = 3*q + 26, -5*p - 2*q + q + 42 = b. What are the prime factors of p?
2
Suppose 140 = -4*a - 3*a. Let z be 9/(-2)*(-9 - -1). Let j = a + z. What are the prime factors of j?
2
Let o = -210 - -404. List the prime factors of o.
2, 97
Let q be 2*(1 + 39/(-6)). Let o be 0/(-3) + 3 + -34. Let j = q - o. List the prime factors of j.
2, 5
Let z be -11*1 - (3 + -6). Let b = z - -17. What are the prime factors of b?
3
List the prime factors of (34 + 17)/(1/1).
3, 17
Let k(l) be the first derivative of l**4/4 - 4*l**3/3 + 3*l**2 - 2*l - 3. What are the prime factors of k(4)?
2, 11
Let w = -6 + 8. Let k be w/4 + 27/6. Suppose 0*g - k = -g. What are the prime factors of g?
5
Let b be ((-4)/5)/((-2)/(-10)). What are the prime factors of 7 + 11 - b/2?
2, 5
Suppose -2*w = 4*o - 40, 2*o + o - 36 = -2*w. What are the prime factors of w?
2, 3
Suppose -6 = -5*i + 4, -3*g + 21 = 3*i. Let t = 13 - g. What are the prime factors of t?
2
Let b = -74 + 112. What are the prime factors of b?
2, 19
Let d be 42/9*9 + -2. Suppose 5*j + m - d = 0, -4*m - 26 = -3*j + 21. Suppose -p 